 divisor of 60853 and 6448.
403
Calculate the highest common divisor of 56615 and 455.
65
What is the greatest common factor of 52 and 170794?
26
What is the greatest common factor of 249216 and 1920?
384
Calculate the highest common divisor of 468 and 18918.
18
What is the highest common divisor of 3136 and 320?
64
Calculate the highest common divisor of 18 and 2934.
18
What is the highest common divisor of 528 and 6401208?
264
Calculate the greatest common divisor of 51 and 1942233.
51
Calculate the greatest common divisor of 420 and 162.
6
Calculate the greatest common divisor of 66590 and 470.
10
What is the greatest common factor of 353987 and 53?
53
Calculate the highest common factor of 823658 and 4466.
638
Calculate the greatest common factor of 180 and 6372.
36
Calculate the greatest common factor of 21135 and 60.
15
Calculate the highest common divisor of 332 and 530204.
332
Calculate the greatest common factor of 4062 and 17826.
6
What is the highest common factor of 6128 and 48?
16
Calculate the highest common divisor of 2904 and 3878292.
1452
Calculate the highest common divisor of 100 and 70820.
20
What is the highest common factor of 11448 and 56604?
636
Calculate the highest common factor of 7152 and 5448.
24
What is the highest common factor of 189429 and 4427?
233
Calculate the greatest common factor of 54 and 1256202.
54
What is the greatest common divisor of 42 and 5089?
7
Calculate the highest common factor of 43288 and 232.
8
Calculate the greatest common factor of 132 and 3058792.
44
What is the highest common factor of 869 and 278905?
11
Calculate the highest common factor of 24412 and 34.
34
What is the greatest common divisor of 8758 and 29?
29
What is the highest common divisor of 2090 and 563464?
418
Calculate the greatest common divisor of 11523 and 345.
69
What is the greatest common divisor of 6576 and 1464?
24
Calculate the highest common divisor of 16 and 1904912.
16
What is the greatest common divisor of 51 and 16881?
51
What is the greatest common divisor of 15 and 5820?
15
What is the greatest common divisor of 9118 and 4841?
47
Calculate the greatest common divisor of 157350 and 300.
150
What is the greatest common divisor of 46314 and 288?
18
Calculate the highest common divisor of 449115 and 316.
79
Calculate the greatest common divisor of 68 and 97886.
34
What is the greatest common divisor of 5904 and 653868?
1476
Calculate the greatest common factor of 31 and 42377.
31
What is the highest common divisor of 18050 and 75?
25
What is the greatest common divisor of 934932 and 6?
6
What is the greatest common divisor of 182785 and 7645?
695
Calculate the greatest common divisor of 64422 and 90.
18
Calculate the highest common factor of 26463836 and 1006.
1006
What is the greatest common factor of 15 and 304455?
15
What is the greatest common divisor of 39 and 38363?
13
Calculate the greatest common factor of 367284 and 2667.
381
What is the highest common factor of 84 and 6244?
28
What is the greatest common divisor of 156 and 1313?
13
Calculate the highest common divisor of 4796 and 4782811.
1199
Calculate the greatest common divisor of 133 and 84303.
19
What is the greatest common factor of 64 and 104752?
16
Calculate the highest common divisor of 837761 and 1324.
331
Calculate the greatest common factor of 255 and 409935.
15
Calculate the highest common factor of 4112076 and 24.
12
Calculate the highest common divisor of 347704 and 6664.
392
Calculate the highest common factor of 7242 and 71.
71
Calculate the greatest common divisor of 1105 and 10880.
85
Calculate the highest common factor of 83733 and 403.
13
Calculate the highest common divisor of 173052 and 138.
138
What is the greatest common factor of 155 and 72323?
31
What is the greatest common factor of 2907 and 101099?
323
Calculate the highest common divisor of 6060966 and 1086.
1086
Calculate the highest common divisor of 323880 and 120.
120
Calculate the highest common factor of 4981 and 323.
17
Calculate the highest common factor of 862308 and 18.
18
Calculate the greatest common factor of 4588 and 1116.
124
Calculate the highest common factor of 275 and 6325.
275
Calculate the highest common factor of 56763 and 85.
17
What is the greatest common divisor of 1479526 and 82?
82
Calculate the greatest common factor of 1312 and 176.
16
What is the highest common factor of 53482 and 1131?
13
Calculate the greatest common factor of 11 and 330143.
11
Calculate the greatest common divisor of 494 and 10298.
38
Calculate the highest common factor of 205 and 17125.
5
What is the greatest common divisor of 10 and 1069?
1
What is the greatest common divisor of 27 and 1191483?
27
What is the greatest common factor of 7121 and 2?
1
What is the greatest common factor of 14659 and 17?
1
What is the highest common factor of 1795 and 637943?
359
What is the greatest common factor of 6102 and 1130?
226
What is the highest common factor of 570010 and 322?
14
Calculate the greatest common factor of 992 and 341984.
32
What is the greatest common factor of 929 and 6894109?
929
What is the greatest common divisor of 3865452 and 124?
124
What is the highest common factor of 30 and 763710?
30
Calculate the greatest common factor of 744914 and 190.
38
What is the highest common divisor of 419758 and 164?
82
Calculate the highest common factor of 17232 and 80.
16
What is the greatest common factor of 10 and 18736?
2
Calculate the highest common divisor of 220 and 428780.
220
What is the greatest common factor of 6752 and 232522?
422
Calculate the greatest common factor of 144361 and 125750.
503
Calculate the greatest common divisor of 160 and 4715080.
40
Calculate the highest common factor of 15 and 51055.
5
Calculate the highest common divisor of 86 and 22102.
86
What is the highest common divisor of 160 and 27620?
20
Calculate the greatest common divisor of 9394 and 28567.
77
Calculate the highest common factor of 1700112 and 48.
48
Calculate the greatest common divisor of 299 and 650.
13
What is the highest common divisor of 84 and 1766877?
21
Calculate the highest common factor of 180 and 991.
1
Calculate the highest common divisor of 15360 and 9280.
320
Calculate the highest common factor of 3303 and 189.
9
What is the greatest common factor of 27438 and 6?
6
Calculate the greatest common factor of 1018542 and 42.
42
What is the highest common factor of 140634 and 390?
78
Calculate the greatest common factor of 102 and 2778.
6
What is the greatest common factor of 4242 and 16716?
42
What is the greatest common factor of 775608 and 240?
24
What is the highest common divisor of 20008 and 8856?
328
Calculate the greatest common divisor of 8708 and 37184.
28
What is the highest common factor of 36981 and 273?
21
Calculate the greatest common divisor of 4615 and 3510.
65
What is the greatest common divisor of 105472 and 6283?
103
What is the highest common factor of 58 and 834562?
58
What is the greatest common factor of 349 and 11?
1
What is the highest common factor of 789730 and 2092?
1046
What is the greatest common factor of 6 and 9543?
3
What is the highest common divisor of 363 and 11895873?
363
Calculate the greatest common factor of 15840 and 14832.
144
What is the greatest common factor of 5878875 and 750?
375
What is the highest common factor of 24058 and 46?
46
Calculate the greatest common divisor of 36 and 5099.
1
Calculate the highest common divisor of 314224 and 902.
82
Calculate the highest common factor of 26 and 4896346.
26
Calculate the greatest common divisor of 126 and 696.
6
Calculate the greatest common divisor of 178 and 290407.
89
Calculate the greatest common factor of 1440 and 2571552.
288
Calculate the highest common factor of 12816 and 744129.
801
What is the highest common divisor of 15824 and 598?
46
What is the highest common divisor of 105 and 257502?
21
Calculate the greatest common factor of 156 and 518583.
39
Calculate the greatest common divisor of 2817706 and 71.
71
Calculate the highest common divisor of 3782 and 62.
62
Calculate the greatest common divisor of 106933 and 183.
61
What is the highest common divisor of 1916244 and 1188?
1188
Calculate the greatest common divisor of 106369 and 2227.
17
Calculate the greatest comm